{"id":472,"date":"2025-10-26T17:29:24","date_gmt":"2025-10-26T16:29:24","guid":{"rendered":"https:\/\/otticatrabuio.com\/maschere-sub-graduate\/?post_type=product&#038;p=472"},"modified":"2025-11-02T17:37:11","modified_gmt":"2025-11-02T16:37:11","slug":"galileo","status":"publish","type":"product","link":"https:\/\/otticatrabuio.com\/maschere-sub-graduate\/prodotto\/galileo\/","title":{"rendered":"Galileo"},"content":{"rendered":"<p>Gli occhialini galileo hanno segnato una svolta storica nel settore degli occhialini da nuoto. Infatti, le loro lenti svasate sono montate su un telaio rigido, proprio come le maschere subacquee, garantendo cos\u00ec una visione perfetta e priva di distorsioni. La forma delle lenti, perfettamente piatte e prive di curvature laterali, impedisce inoltre la fastidiosa distorsione ai lati delle lenti. La tenuta stagna \u00e8 straordinaria e il comfort \u00e8 eccellente. Il cinturino \u00e8 dotato di un sistema di regolazione rapida (brevetto cressi), simile a quello utilizzato sulle prestigiose maschere cressi-sub, che consente una regolazione facile e veloce. Le lenti infrangibili sono dotate di trattamento esterno antigraffio, protezione UV e trattamento interno antiappannamento.<\/p>\n","protected":false},"excerpt":{"rendered":"<p>Gli occhialini galileo hanno segnato una svolta storica nel settore degli occhialini da nuoto. Infatti, le loro lenti svasate sono montate su un telaio rigido, proprio come le maschere subacquee, garantendo cos\u00ec una visione perfetta e priva di distorsioni. La forma delle lenti, perfettamente piatte e prive di curvature laterali, impedisce inoltre la fastidiosa distorsione [&hellip;]<\/p>\n","protected":false},"featured_media":473,"template":"","meta":[],"product_brand":[],"product_cat":[15],"product_tag":[],"class_list":{"0":"post-472","1":"product","2":"type-product","3":"status-publish","4":"has-post-thumbnail","6":"product_cat-senza-categoria","8":"first","9":"instock","10":"taxable","11":"shipping-taxable","12":"purchasable","13":"product-type-variable"},"_links":{"self":[{"href":"https:\/\/otticatrabuio.com\/maschere-sub-graduate\/wp-json\/wp\/v2\/product\/472","targetHints":{"allow":["GET"]}}],"collection":[{"href":"https:\/\/otticatrabuio.com\/maschere-sub-graduate\/wp-json\/wp\/v2\/product"}],"about":[{"href":"https:\/\/otticatrabuio.com\/maschere-sub-graduate\/wp-json\/wp\/v2\/types\/product"}],"wp:featuredmedia":[{"embeddable":true,"href":"https:\/\/otticatrabuio.com\/maschere-sub-graduate\/wp-json\/wp\/v2\/media\/473"}],"wp:attachment":[{"href":"https:\/\/otticatrabuio.com\/maschere-sub-graduate\/wp-json\/wp\/v2\/media?parent=472"}],"wp:term":[{"taxonomy":"product_brand","embeddable":true,"href":"https:\/\/otticatrabuio.com\/maschere-sub-graduate\/wp-json\/wp\/v2\/product_brand?post=472"},{"taxonomy":"product_cat","embeddable":true,"href":"https:\/\/otticatrabuio.com\/maschere-sub-graduate\/wp-json\/wp\/v2\/product_cat?post=472"},{"taxonomy":"product_tag","embeddable":true,"href":"https:\/\/otticatrabuio.com\/maschere-sub-graduate\/wp-json\/wp\/v2\/product_tag?post=472"}],"curies":[{"name":"wp","href":"https:\/\/api.w.org\/{rel}","templated":true}]}}