{"id":236,"date":"2025-09-04T16:49:32","date_gmt":"2025-09-04T14:49:32","guid":{"rendered":"https:\/\/otticatrabuio.com\/maschere-sub-graduate\/?post_type=product&#038;p=236"},"modified":"2025-11-02T17:08:18","modified_gmt":"2025-11-02T16:08:18","slug":"focus-nero-blu","status":"publish","type":"product","link":"https:\/\/otticatrabuio.com\/maschere-sub-graduate\/prodotto\/focus-nero-blu\/","title":{"rendered":"Focus"},"content":{"rendered":"<p>Leggera e compatta, \u00e8 dotata di un morbido facciale in silicone ipoallergenico, completo di guarnizione a doppio bordo piumato che garantisce un&#8217;ottima vestibilit\u00e0 e un elevato livello di comfort anche in caso di uso prolungato. Le maschere a basso volume e la minima distanza occhio-lente assicurano un eccellente campo visivo in tutte le direzioni. Le fibbie del cinturino sono girevoli per una regolazione immediata. Il cinturino in silicone della maschera ha un design ampio e diviso per garantire una dispersione uniforme e una maggiore vestibilit\u00e0 e comfort. \u00c8 dotato di una tasca nasale facilmente raggiungibile con una sola mano per l&#8217;equalizzazione delle orecchie, che pu\u00f2 essere utilizzata anche quando si indossano guanti spessi. Per proteggere le maschere quando non vengono utilizzate, il focus viene fornito con una scatola protettiva in plastica rigida. Sul focus \u00e8 possibile installare lenti ottiche graduate<\/p>\n","protected":false},"excerpt":{"rendered":"<p>\u2022 Il basso volume interno consente uno svuotamento senza sforzo<br \/>\n\u2022 Leggera, compatta e robusta<br \/>\n\u2022 Ideale per i viaggi o come maschera di riserva<br \/>\n\u2022 Il gommino in silicone di alta qualit\u00e0 garantisce una tenuta senza perdite<br \/>\n\u2022 Le fibbie girevoli a regolazione rapida prevengono gli attacchi<br \/>\n\u2022 Accetta lenti ottiche<br \/>\n\u2022 Lenti ottiche<br \/>\n\u2022 Possibilit\u00e0 di montare lenti ottiche<\/p>\n","protected":false},"featured_media":434,"template":"","meta":[],"product_brand":[22],"product_cat":[15],"product_tag":[],"class_list":{"0":"post-236","1":"product","2":"type-product","3":"status-publish","4":"has-post-thumbnail","6":"product_brand-cressi","7":"product_cat-senza-categoria","9":"first","10":"instock","11":"taxable","12":"shipping-taxable","13":"purchasable","14":"product-type-variable"},"_links":{"self":[{"href":"https:\/\/otticatrabuio.com\/maschere-sub-graduate\/wp-json\/wp\/v2\/product\/236","targetHints":{"allow":["GET"]}}],"collection":[{"href":"https:\/\/otticatrabuio.com\/maschere-sub-graduate\/wp-json\/wp\/v2\/product"}],"about":[{"href":"https:\/\/otticatrabuio.com\/maschere-sub-graduate\/wp-json\/wp\/v2\/types\/product"}],"wp:featuredmedia":[{"embeddable":true,"href":"https:\/\/otticatrabuio.com\/maschere-sub-graduate\/wp-json\/wp\/v2\/media\/434"}],"wp:attachment":[{"href":"https:\/\/otticatrabuio.com\/maschere-sub-graduate\/wp-json\/wp\/v2\/media?parent=236"}],"wp:term":[{"taxonomy":"product_brand","embeddable":true,"href":"https:\/\/otticatrabuio.com\/maschere-sub-graduate\/wp-json\/wp\/v2\/product_brand?post=236"},{"taxonomy":"product_cat","embeddable":true,"href":"https:\/\/otticatrabuio.com\/maschere-sub-graduate\/wp-json\/wp\/v2\/product_cat?post=236"},{"taxonomy":"product_tag","embeddable":true,"href":"https:\/\/otticatrabuio.com\/maschere-sub-graduate\/wp-json\/wp\/v2\/product_tag?post=236"}],"curies":[{"name":"wp","href":"https:\/\/api.w.org\/{rel}","templated":true}]}}